{"id":10085,"date":"2021-12-10T14:13:09","date_gmt":"2021-12-10T14:13:09","guid":{"rendered":"https:\/\/wilug.srtv.cl\/?page_id=10085"},"modified":"2023-12-07T18:20:43","modified_gmt":"2023-12-07T18:20:43","slug":"innovacion","status":"publish","type":"page","link":"https:\/\/wilug.cl\/index.php\/innovacion\/","title":{"rendered":"Innovaci\u00f3n"},"content":{"rendered":"<section class=\"l-section wpb_row us_custom_b6a72ce1 height_custom\"><div class=\"l-section-h i-cf\"><div class=\"g-cols vc_row type_default valign_top\"><div class=\"vc_col-sm-12 wpb_column vc_column_container\"><div class=\"vc_column-inner\"><div class=\"wpb_wrapper\"><div class=\"w-slider style_none fit_scaledown\"><div class=\"w-slider-h\"><div class=\"royalSlider\"><div class=\"rsContent\"><a class=\"rsImg\" data-rsw=\"1920\" data-rsh=\"1080\" href=\"https:\/\/wilug.cl\/wp-content\/uploads\/2021\/12\/GAS.jpeg\"><span data-alt=\"\"><\/span><\/a><\/div><div class=\"rsContent\"><a class=\"rsImg\" data-rsw=\"1920\" data-rsh=\"1080\" href=\"https:\/\/wilug.cl\/wp-content\/uploads\/2021\/12\/VGSMART.jpeg\"><span data-alt=\"\"><\/span><\/a><\/div><div class=\"rsContent\"><a class=\"rsImg\" data-rsw=\"1920\" data-rsh=\"1080\" href=\"https:\/\/wilug.cl\/wp-content\/uploads\/2021\/12\/VR.jpeg\"><span data-alt=\"\"><\/span><\/a><\/div><\/div><img decoding=\"async\" src=\"https:\/\/wilug.cl\/wp-content\/uploads\/2021\/12\/GAS.jpeg\" width=\"1920\" height=\"1080\" alt loading=\"lazy\"><\/div><div class=\"w-slider-json\" onclick='return {&quot;loop&quot;:true,&quot;fadeInLoadedSlide&quot;:false,&quot;slidesSpacing&quot;:0,&quot;imageScalePadding&quot;:0,&quot;numImagesToPreload&quot;:2,&quot;arrowsNav&quot;:true,&quot;arrowsNavAutoHide&quot;:false,&quot;transitionType&quot;:&quot;move&quot;,&quot;transitionSpeed&quot;:300,&quot;block&quot;:{&quot;moveEffect&quot;:&quot;none&quot;,&quot;speed&quot;:300},&quot;controlNavigation&quot;:&quot;none&quot;,&quot;autoplay&quot;:{&quot;enabled&quot;:true,&quot;pauseOnHover&quot;:false,&quot;delay&quot;:4000},&quot;imageScaleMode&quot;:&quot;fit-if-smaller&quot;,&quot;autoScaleSlider&quot;:true,&quot;autoScaleSliderWidth&quot;:1920,&quot;autoScaleSliderHeight&quot;:1080,&quot;fitInViewport&quot;:false}'><\/div><\/div><\/div><\/div><\/div><\/div><\/div><\/section><section class=\"l-section wpb_row height_custom\"><div class=\"l-section-h i-cf\"><div class=\"g-cols vc_row type_default valign_top\"><div class=\"vc_col-sm-6 wpb_column vc_column_container\"><div class=\"vc_column-inner\"><div class=\"wpb_wrapper\"><div class=\"w-video us_custom_213e151c align_center ratio_1x1 has_border_radius\"><div class=\"w-video-h\"><iframe src=\"\/\/www.youtube.com\/embed\/KfKr0N6CFRM?autoplay=0&controls=1&origin=https%3A%2F%2Fwilug.cl\" allowfullscreen=\"1\"><\/iframe><\/div><div class=\"w-video-icon\" style=\"font-size:1.5rem;background:rgba(0,0,0,0.5);color:#fff;\"><\/div><\/div><\/div><\/div><\/div><div class=\"vc_col-sm-6 wpb_column vc_column_container\"><div class=\"vc_column-inner\"><div class=\"wpb_wrapper\"><div class=\"w-image align_center\"><div class=\"w-image-h\"><img loading=\"lazy\" decoding=\"async\" width=\"300\" height=\"266\" src=\"https:\/\/wilug.cl\/wp-content\/uploads\/2021\/12\/46513930_502824073543444_6615917698058551296_o-copia-300x266.png\" class=\"attachment-medium size-medium\" alt=\"\" srcset=\"https:\/\/wilug.cl\/wp-content\/uploads\/2021\/12\/46513930_502824073543444_6615917698058551296_o-copia-300x266.png 300w, https:\/\/wilug.cl\/wp-content\/uploads\/2021\/12\/46513930_502824073543444_6615917698058551296_o-copia-1024x908.png 1024w, https:\/\/wilug.cl\/wp-content\/uploads\/2021\/12\/46513930_502824073543444_6615917698058551296_o-copia-500x443.png 500w, https:\/\/wilug.cl\/wp-content\/uploads\/2021\/12\/46513930_502824073543444_6615917698058551296_o-copia-600x532.png 600w, https:\/\/wilug.cl\/wp-content\/uploads\/2021\/12\/46513930_502824073543444_6615917698058551296_o-copia.png 1432w\" sizes=\"(max-width: 300px) 100vw, 300px\" \/><\/div><\/div><div class=\"w-separator size_small\"><\/div><div class=\"wpb_text_column\" ><div class=\"wpb_wrapper\"><h2 class=\"p1\"><strong>\u00abLA INNOVACI\u00d3N COMO EJE CENTRAL DEL CRECIMIENTO\u00bb<\/strong><\/h2>\n<p class=\"p1\">Como Wilug queremos desarrollar soluciones y productos que suplan las nuevas necesidades de las empresas chilenas, poniendo como eje central la innovaci\u00f3n para el desarrollo tecnol\u00f3gico, tanto como en nuestra empresa como en nuestros clientes<\/p>\n<\/div><\/div><\/div><\/div><\/div><\/div><\/div><\/section><section class=\"l-section wpb_row height_custom\"><div class=\"l-section-h i-cf\"><div class=\"g-cols vc_row type_default valign_top\"><div class=\"vc_col-sm-4 wpb_column vc_column_container\"><div class=\"vc_column-inner\"><div class=\"wpb_wrapper\"><div class=\"w-image align_center\"><a title=\"VG \u2013 SMART SISTEMA DE MONITOREO INTELIGENTE\" href=\"https:\/\/wilug.srtv.cl\/index.php\/innovacion\/vg-smart-sistema-de-monitoreo-inteligente\/\" aria-label=\"Enlace\" class=\"w-image-h\"><img loading=\"lazy\" decoding=\"async\" width=\"1920\" height=\"1080\" src=\"https:\/\/wilug.cl\/wp-content\/uploads\/2021\/12\/VGSMART.jpeg\" class=\"attachment-full size-full\" alt=\"\" srcset=\"https:\/\/wilug.cl\/wp-content\/uploads\/2021\/12\/VGSMART.jpeg 1920w, https:\/\/wilug.cl\/wp-content\/uploads\/2021\/12\/VGSMART-300x169.jpeg 300w, https:\/\/wilug.cl\/wp-content\/uploads\/2021\/12\/VGSMART-1024x576.jpeg 1024w, https:\/\/wilug.cl\/wp-content\/uploads\/2021\/12\/VGSMART-1536x864.jpeg 1536w, https:\/\/wilug.cl\/wp-content\/uploads\/2021\/12\/VGSMART-500x281.jpeg 500w, https:\/\/wilug.cl\/wp-content\/uploads\/2021\/12\/VGSMART-600x338.jpeg 600w\" sizes=\"(max-width: 1920px) 100vw, 1920px\" \/><\/a><\/div><\/div><\/div><\/div><div class=\"vc_col-sm-4 wpb_column vc_column_container\"><div class=\"vc_column-inner\"><div class=\"wpb_wrapper\"><div class=\"w-image align_center\"><a title=\"GAS ALERT SISTEMA DE MONITOREO Y CONTROL DE FUGAS DE GAS\" href=\"https:\/\/wilug.srtv.cl\/index.php\/innovacion\/gas-alert-sistema-de-monitoreo-y-control-de-fugas-de-gas\/\" aria-label=\"Enlace\" class=\"w-image-h\"><img loading=\"lazy\" decoding=\"async\" width=\"1920\" height=\"1080\" src=\"https:\/\/wilug.cl\/wp-content\/uploads\/2021\/12\/GAS.jpeg\" class=\"attachment-full size-full\" alt=\"\" srcset=\"https:\/\/wilug.cl\/wp-content\/uploads\/2021\/12\/GAS.jpeg 1920w, https:\/\/wilug.cl\/wp-content\/uploads\/2021\/12\/GAS-300x169.jpeg 300w, https:\/\/wilug.cl\/wp-content\/uploads\/2021\/12\/GAS-1024x576.jpeg 1024w, https:\/\/wilug.cl\/wp-content\/uploads\/2021\/12\/GAS-1536x864.jpeg 1536w, https:\/\/wilug.cl\/wp-content\/uploads\/2021\/12\/GAS-500x281.jpeg 500w, https:\/\/wilug.cl\/wp-content\/uploads\/2021\/12\/GAS-600x338.jpeg 600w\" sizes=\"(max-width: 1920px) 100vw, 1920px\" \/><\/a><\/div><\/div><\/div><\/div><div class=\"vc_col-sm-4 wpb_column vc_column_container\"><div class=\"vc_column-inner\"><div class=\"wpb_wrapper\"><div class=\"w-image align_center\"><a title=\"WULUG VR SIMULADOR DE REALIDAD VIRTUAL\" href=\"https:\/\/wilug.srtv.cl\/index.php\/innovacion\/wulug-vr-simulador-de-realidad-virtual\/\" aria-label=\"Enlace\" class=\"w-image-h\"><img loading=\"lazy\" decoding=\"async\" width=\"1920\" height=\"1080\" src=\"https:\/\/wilug.cl\/wp-content\/uploads\/2021\/12\/VR.jpeg\" class=\"attachment-full size-full\" alt=\"\" srcset=\"https:\/\/wilug.cl\/wp-content\/uploads\/2021\/12\/VR.jpeg 1920w, https:\/\/wilug.cl\/wp-content\/uploads\/2021\/12\/VR-300x169.jpeg 300w, https:\/\/wilug.cl\/wp-content\/uploads\/2021\/12\/VR-1024x576.jpeg 1024w, https:\/\/wilug.cl\/wp-content\/uploads\/2021\/12\/VR-1536x864.jpeg 1536w, https:\/\/wilug.cl\/wp-content\/uploads\/2021\/12\/VR-500x281.jpeg 500w, https:\/\/wilug.cl\/wp-content\/uploads\/2021\/12\/VR-600x338.jpeg 600w\" sizes=\"(max-width: 1920px) 100vw, 1920px\" \/><\/a><\/div><\/div><\/div><\/div><\/div><\/div><\/section><section class=\"l-section wpb_row height_custom\"><div class=\"l-section-h i-cf\"><div class=\"g-cols vc_row type_default valign_top\"><div class=\"vc_col-sm-6 wpb_column vc_column_container\"><div class=\"vc_column-inner\"><div class=\"wpb_wrapper\"><div class=\"w-image align_center\"><div class=\"w-image-h\"><img loading=\"lazy\" decoding=\"async\" width=\"300\" height=\"300\" src=\"https:\/\/wilug.cl\/wp-content\/uploads\/2021\/12\/ROBERTO-1-300x300.png\" class=\"attachment-medium size-medium\" alt=\"\" srcset=\"https:\/\/wilug.cl\/wp-content\/uploads\/2021\/12\/ROBERTO-1-300x300.png 300w, https:\/\/wilug.cl\/wp-content\/uploads\/2021\/12\/ROBERTO-1-150x150.png 150w, https:\/\/wilug.cl\/wp-content\/uploads\/2021\/12\/ROBERTO-1-500x500.png 500w, https:\/\/wilug.cl\/wp-content\/uploads\/2021\/12\/ROBERTO-1-600x600.png 600w, https:\/\/wilug.cl\/wp-content\/uploads\/2021\/12\/ROBERTO-1.png 1000w\" sizes=\"(max-width: 300px) 100vw, 300px\" \/><\/div><\/div><div class=\"w-separator size_small\"><\/div><div class=\"wpb_text_column us_custom_eb849559\" ><div class=\"wpb_wrapper\"><h2>ROBERTO ROJAS CORTES<\/h2>\n<h4><strong>L\u00edder Equipo de Innovaci\u00f3n<\/strong><\/h4>\n<p><img decoding=\"async\" class=\"emoji\" role=\"img\" draggable=\"false\" src=\"https:\/\/s.w.org\/images\/core\/emoji\/13.1.0\/svg\/2709.svg\" alt=\"\u2709\" \/>\u00a0<a href=\"mailto:carla.paz@wilug.cl\">carla.paz@wilug.cl<\/a>\u00a0\u00a0<img decoding=\"async\" class=\"emoji\" role=\"img\" draggable=\"false\" src=\"https:\/\/s.w.org\/images\/core\/emoji\/13.1.0\/svg\/1f4de.svg\" alt=\"\ud83d\udcde\" \/>\u00a0<strong>+569 8502\u00a04823<\/strong><\/p>\n<\/div><\/div><\/div><\/div><\/div><div class=\"vc_col-sm-6 wpb_column vc_column_container\"><div class=\"vc_column-inner\"><div class=\"wpb_wrapper\">[vc_raw_html]JTNDaDIlM0UlM0NzdHJvbmclM0VDT05UJUMzJTgxQ1RBTk9TJTNBJTNDJTJGc3Ryb25nJTNFJTNDJTJGaDIlM0UlMEElNUJjb250YWN0LWZvcm0tNyUyMGlkJTNEJTIyMTElMjIlMjB0aXRsZSUzRCUyMkZvcm11bGFyaW8lMjBkZSUyMGNvbnRhY3RvJTIwMSUyMiU1RA==[\/vc_raw_html]<\/div><\/div><\/div><\/div><\/div><\/section>\n","protected":false},"excerpt":{"rendered":"\u00abLA INNOVACI\u00d3N COMO EJE CENTRAL DEL CRECIMIENTO\u00bb Como Wilug queremos desarrollar soluciones y productos que suplan las nuevas necesidades de las empresas chilenas, poniendo como eje central la innovaci\u00f3n para el desarrollo tecnol\u00f3gico, tanto como en nuestra empresa como en nuestros clientes ROBERTO ROJAS CORTES L\u00edder Equipo de Innovaci\u00f3n \u00a0carla.paz@wilug.cl\u00a0\u00a0\u00a0+569 8502\u00a04823 [vc_raw_html]JTNDaDIlM0UlM0NzdHJvbmclM0VDT05UJUMzJTgxQ1RBTk9TJTNBJTNDJTJGc3Ryb25nJTNFJTNDJTJGaDIlM0UlMEElNUJjb250YWN0LWZvcm0tNyUyMGlkJTNEJTIyMTElMjIlMjB0aXRsZSUzRCUyMkZvcm11bGFyaW8lMjBkZSUyMGNvbnRhY3RvJTIwMSUyMiU1RA==[\/vc_raw_html]","protected":false},"author":5,"featured_media":0,"parent":0,"menu_order":0,"comment_status":"closed","ping_status":"closed","template":"","meta":{"footnotes":""},"acf":[],"_links":{"self":[{"href":"https:\/\/wilug.cl\/index.php\/wp-json\/wp\/v2\/pages\/10085"}],"collection":[{"href":"https:\/\/wilug.cl\/index.php\/wp-json\/wp\/v2\/pages"}],"about":[{"href":"https:\/\/wilug.cl\/index.php\/wp-json\/wp\/v2\/types\/page"}],"author":[{"embeddable":true,"href":"https:\/\/wilug.cl\/index.php\/wp-json\/wp\/v2\/users\/5"}],"replies":[{"embeddable":true,"href":"https:\/\/wilug.cl\/index.php\/wp-json\/wp\/v2\/comments?post=10085"}],"version-history":[{"count":12,"href":"https:\/\/wilug.cl\/index.php\/wp-json\/wp\/v2\/pages\/10085\/revisions"}],"predecessor-version":[{"id":11177,"href":"https:\/\/wilug.cl\/index.php\/wp-json\/wp\/v2\/pages\/10085\/revisions\/11177"}],"wp:attachment":[{"href":"https:\/\/wilug.cl\/index.php\/wp-json\/wp\/v2\/media?parent=10085"}],"curies":[{"name":"wp","href":"https:\/\/api.w.org\/{rel}","templated":true}]}}