{"id":10260,"date":"2021-12-13T20:31:18","date_gmt":"2021-12-13T20:31:18","guid":{"rendered":"https:\/\/wilug.srtv.cl\/?page_id=10260"},"modified":"2023-12-07T18:20:44","modified_gmt":"2023-12-07T18:20:44","slug":"sistemas-automaticos-de-extincion-de-incendio-con-gas-co2","status":"publish","type":"page","link":"https:\/\/wilug.cl\/index.php\/sistemas-automaticos-de-extincion-de-incendio-con-gas-co2\/","title":{"rendered":"Sistemas autom\u00e1ticos de extinci\u00f3n de incendio con Agentes limpios"},"content":{"rendered":"<section class=\"l-section wpb_row height_custom\"><div class=\"l-section-h i-cf\"><div class=\"g-cols vc_row type_default valign_top\"><div class=\"vc_col-sm-6 wpb_column vc_column_container\"><div class=\"vc_column-inner\"><div class=\"wpb_wrapper\"><div class=\"w-image align_center\"><div class=\"w-image-h\"><img loading=\"lazy\" decoding=\"async\" width=\"1533\" height=\"900\" src=\"https:\/\/wilug.cl\/wp-content\/uploads\/2022\/01\/nueva-de-co2.jpg\" class=\"attachment-full size-full\" alt=\"\" srcset=\"https:\/\/wilug.cl\/wp-content\/uploads\/2022\/01\/nueva-de-co2.jpg 1533w, https:\/\/wilug.cl\/wp-content\/uploads\/2022\/01\/nueva-de-co2-300x176.jpg 300w, https:\/\/wilug.cl\/wp-content\/uploads\/2022\/01\/nueva-de-co2-1024x601.jpg 1024w, https:\/\/wilug.cl\/wp-content\/uploads\/2022\/01\/nueva-de-co2-500x294.jpg 500w, https:\/\/wilug.cl\/wp-content\/uploads\/2022\/01\/nueva-de-co2-600x352.jpg 600w\" sizes=\"(max-width: 1533px) 100vw, 1533px\" \/><\/div><\/div><\/div><\/div><\/div><div class=\"vc_col-sm-6 wpb_column vc_column_container\"><div class=\"vc_column-inner\"><div class=\"wpb_wrapper\"><div class=\"wpb_text_column us_custom_432d3f53\" ><div class=\"wpb_wrapper\"><h2>Gas CO2<\/h2>\n<p>La extinci\u00f3n r\u00e1pida y efectiva de incendios es el punto fuerte de los sistemas de extinci\u00f3n por di\u00f3xido de carbono. El efecto de extinci\u00f3n del di\u00f3xido de carbono se basa en un desplazamiento r\u00e1pido del ox\u00edgeno del foco de incendio: el fuego se apaga de inmediato. La elevada capacidad de absorci\u00f3n de calor del di\u00f3xido de carbono provoca una extracci\u00f3n de energ\u00eda del foco de incendio, aumentando as\u00ed el efecto de extinci\u00f3n.<\/p>\n<p>Gracias a sus propiedades especiales de extinci\u00f3n, los sistemas de extinci\u00f3n por di\u00f3xido de carbono tienen una ventaja con respecto a los sistemas de extinci\u00f3n por gas inerte: con estos se pueden proteger tambi\u00e9n equipos que no se encuentren en salas completamente cerradas, de forma local. En este caso, el di\u00f3xido de carbono l\u00edquido forma una densa nube de\u00a0aerosol en el \u00e1rea de inundaci\u00f3n. Las boquillas protectoras especiales de los equipos llevan el agente extintor justo al lugar en el que lo necesita el equipo que se pretende proteger.<\/p>\n<\/div><\/div><\/div><\/div><\/div><div class=\"vc_col-sm-6 wpb_column vc_column_container\"><div class=\"vc_column-inner\"><div class=\"wpb_wrapper\"><div class=\"w-image align_center\"><div class=\"w-image-h\"><img loading=\"lazy\" decoding=\"async\" width=\"2141\" height=\"1257\" src=\"https:\/\/wilug.cl\/wp-content\/uploads\/2022\/01\/SISTEMAS-AUTOMATICOS-DE-EXTINCION-DE-INCENDIO-CON-GAS-FM-200.png\" class=\"attachment-full size-full\" alt=\"\" srcset=\"https:\/\/wilug.cl\/wp-content\/uploads\/2022\/01\/SISTEMAS-AUTOMATICOS-DE-EXTINCION-DE-INCENDIO-CON-GAS-FM-200.png 2141w, https:\/\/wilug.cl\/wp-content\/uploads\/2022\/01\/SISTEMAS-AUTOMATICOS-DE-EXTINCION-DE-INCENDIO-CON-GAS-FM-200-300x176.png 300w, https:\/\/wilug.cl\/wp-content\/uploads\/2022\/01\/SISTEMAS-AUTOMATICOS-DE-EXTINCION-DE-INCENDIO-CON-GAS-FM-200-1024x601.png 1024w, https:\/\/wilug.cl\/wp-content\/uploads\/2022\/01\/SISTEMAS-AUTOMATICOS-DE-EXTINCION-DE-INCENDIO-CON-GAS-FM-200-1536x902.png 1536w, https:\/\/wilug.cl\/wp-content\/uploads\/2022\/01\/SISTEMAS-AUTOMATICOS-DE-EXTINCION-DE-INCENDIO-CON-GAS-FM-200-500x294.png 500w, https:\/\/wilug.cl\/wp-content\/uploads\/2022\/01\/SISTEMAS-AUTOMATICOS-DE-EXTINCION-DE-INCENDIO-CON-GAS-FM-200-600x352.png 600w\" sizes=\"(max-width: 2141px) 100vw, 2141px\" \/><\/div><\/div><\/div><\/div><\/div><div class=\"vc_col-sm-6 wpb_column vc_column_container\"><div class=\"vc_column-inner\"><div class=\"wpb_wrapper\"><div class=\"wpb_text_column us_custom_432d3f53\" ><div class=\"wpb_wrapper\"><h2>Gases FM-200<\/h2>\n<p>El FM-200 es un agente eficaz, extintor de incendios que puede ser utilizado en muchos tipos de incendios. Es eficaz para ser utilizado en incendios Clase A: Incendios de Superficies, Clase B: L\u00edquido Inflamable, Clase C: Incendios El\u00e9ctricos.<\/p>\n<p>El FM-200 es un agente extintor gaseoso muy eficaz. La concentraci\u00f3n extintora para heptana normal (m\u00e9todo de quemador) es de aproximadamente 5.8% por volumen. La concentraci\u00f3n m\u00ednima dise\u00f1ada para aplicaciones de inundaci\u00f3n total, de acuerdo a: NFPA 2001, es de 7.0%.<\/p>\n<\/div><\/div><div class=\"w-separator size_medium\"><\/div><\/div><\/div><\/div><div class=\"vc_col-sm-6 wpb_column vc_column_container\"><div class=\"vc_column-inner\"><div class=\"wpb_wrapper\"><div class=\"w-image align_center\"><div class=\"w-image-h\"><img loading=\"lazy\" decoding=\"async\" width=\"1536\" height=\"902\" src=\"https:\/\/wilug.cl\/wp-content\/uploads\/2022\/01\/0.63818700_1624357195.jpg\" class=\"attachment-full size-full\" alt=\"\" srcset=\"https:\/\/wilug.cl\/wp-content\/uploads\/2022\/01\/0.63818700_1624357195.jpg 1536w, https:\/\/wilug.cl\/wp-content\/uploads\/2022\/01\/0.63818700_1624357195-300x176.jpg 300w, https:\/\/wilug.cl\/wp-content\/uploads\/2022\/01\/0.63818700_1624357195-1024x601.jpg 1024w, https:\/\/wilug.cl\/wp-content\/uploads\/2022\/01\/0.63818700_1624357195-500x294.jpg 500w, https:\/\/wilug.cl\/wp-content\/uploads\/2022\/01\/0.63818700_1624357195-600x352.jpg 600w\" sizes=\"(max-width: 1536px) 100vw, 1536px\" \/><\/div><\/div><\/div><\/div><\/div><div class=\"vc_col-sm-6 wpb_column vc_column_container\"><div class=\"vc_column-inner\"><div class=\"wpb_wrapper\"><div class=\"wpb_text_column us_custom_432d3f53\" ><div class=\"wpb_wrapper\"><h2>Gases NOVEC 1230<\/h2>\n<p>El agente extintor Novec 1230 extrae calor del fuego y detiene la reacci\u00f3n de combusti\u00f3n. Es especialmente eficaz a la vez que act\u00faa con suavidad. Se almacena en fase l\u00edquida, y al salir por los difusores el agente extintor pasa a estado gaseoso. De esta manera extingue incluso focos de incendio ocultos, generalmente de manera inmediata.<\/p>\n<p>La extinci\u00f3n r\u00e1pida de un conato de incendio limita los da\u00f1os y evita largos tiempos de parada o interrupciones de servicio. Adem\u00e1s, los da\u00f1os indirectos causados por el agente extintor quedan pr\u00e1cticamente excluidos, a diferencia de lo que ocurre con el agua, la espuma o el polvo.<\/p>\n<p>Novec 1230 no es corrosivo ni conductor el\u00e9ctrico, no deja residuos y puede eliminarse del espacio afectado mediante una simple ventilaci\u00f3n. Por ello, Novec 1230 es, junto con los gases inertes, el agente extintor preferido para los riesgos electr\u00f3nicos y el\u00e9ctricos.<\/p>\n<p>En comparaci\u00f3n con otros agentes extintores qu\u00edmicos en estado gaseoso, Novec 1230 presenta las mejores caracter\u00edsticas medioambientales. No supone ninguna amenaza para la capa de ozono y tiene un potencial de calentamiento global muy reducido. En el plazo de tan solo cinco d\u00edas en la atm\u00f3sfera se descompone totalmente.<\/p>\n<\/div><\/div><\/div><\/div><\/div><\/div><\/div><\/section>\n","protected":false},"excerpt":{"rendered":"Gas CO2 La extinci\u00f3n r\u00e1pida y efectiva de incendios es el punto fuerte de los sistemas de extinci\u00f3n por di\u00f3xido de carbono. El efecto de extinci\u00f3n del di\u00f3xido de carbono se basa en un desplazamiento r\u00e1pido del ox\u00edgeno del foco de incendio: el fuego se apaga de inmediato. La elevada capacidad de absorci\u00f3n de calor...","protected":false},"author":5,"featured_media":0,"parent":0,"menu_order":0,"comment_status":"closed","ping_status":"closed","template":"","meta":{"footnotes":""},"acf":[],"_links":{"self":[{"href":"https:\/\/wilug.cl\/index.php\/wp-json\/wp\/v2\/pages\/10260"}],"collection":[{"href":"https:\/\/wilug.cl\/index.php\/wp-json\/wp\/v2\/pages"}],"about":[{"href":"https:\/\/wilug.cl\/index.php\/wp-json\/wp\/v2\/types\/page"}],"author":[{"embeddable":true,"href":"https:\/\/wilug.cl\/index.php\/wp-json\/wp\/v2\/users\/5"}],"replies":[{"embeddable":true,"href":"https:\/\/wilug.cl\/index.php\/wp-json\/wp\/v2\/comments?post=10260"}],"version-history":[{"count":11,"href":"https:\/\/wilug.cl\/index.php\/wp-json\/wp\/v2\/pages\/10260\/revisions"}],"predecessor-version":[{"id":10589,"href":"https:\/\/wilug.cl\/index.php\/wp-json\/wp\/v2\/pages\/10260\/revisions\/10589"}],"wp:attachment":[{"href":"https:\/\/wilug.cl\/index.php\/wp-json\/wp\/v2\/media?parent=10260"}],"curies":[{"name":"wp","href":"https:\/\/api.w.org\/{rel}","templated":true}]}}