{"id":10559,"date":"2022-01-13T15:34:04","date_gmt":"2022-01-13T15:34:04","guid":{"rendered":"https:\/\/www.wilug.cl\/?page_id=10559"},"modified":"2023-12-07T18:20:44","modified_gmt":"2023-12-07T18:20:44","slug":"red-seca","status":"publish","type":"page","link":"https:\/\/wilug.cl\/index.php\/red-seca\/","title":{"rendered":"Red Seca"},"content":{"rendered":"<section class=\"l-section wpb_row height_custom\"><div class=\"l-section-h i-cf\"><div class=\"g-cols vc_row type_default valign_top\"><div class=\"vc_col-sm-4 wpb_column vc_column_container\"><div class=\"vc_column-inner\"><div class=\"wpb_wrapper\"><div class=\"w-image align_center\"><div class=\"w-image-h\"><img loading=\"lazy\" decoding=\"async\" width=\"600\" height=\"600\" src=\"https:\/\/wilug.cl\/wp-content\/uploads\/2022\/01\/red-seca-600x600.jpg\" class=\"attachment-shop_single size-shop_single\" alt=\"\" srcset=\"https:\/\/wilug.cl\/wp-content\/uploads\/2022\/01\/red-seca-600x600.jpg 600w, https:\/\/wilug.cl\/wp-content\/uploads\/2022\/01\/red-seca-300x300.jpg 300w, https:\/\/wilug.cl\/wp-content\/uploads\/2022\/01\/red-seca-150x150.jpg 150w, https:\/\/wilug.cl\/wp-content\/uploads\/2022\/01\/red-seca-500x500.jpg 500w, https:\/\/wilug.cl\/wp-content\/uploads\/2022\/01\/red-seca.jpg 768w\" sizes=\"(max-width: 600px) 100vw, 600px\" \/><\/div><\/div><\/div><\/div><\/div><div class=\"vc_col-sm-8 wpb_column vc_column_container\"><div class=\"vc_column-inner\"><div class=\"wpb_wrapper\"><div class=\"wpb_text_column us_custom_104c09b9\" ><div class=\"wpb_wrapper\"><h2><strong>Red Seca<\/strong><\/h2>\n<p>El Reglamento de Instalaciones Domiciliarias de Agua Potable y Alcantarillado (RIDDA) establece que \u00aben los edificios de cinco o m\u00e1s pisos de altura se deber\u00e1 instalar una red seca para agua independiente de la red de distribuci\u00f3n de agua para el consumo\u00bb.<\/p>\n<p>En Wilug ofrecemos todos los insumos y repuestos requeridos para redes secas. Contamos con un equipo multidisciplinario de especialistas debidamente capacitado para el dise\u00f1o, construcci\u00f3n, montaje, reparaci\u00f3n y mantenci\u00f3n de redes secas en instalaciones residenciales, comerciales e industriales para garantizar la m\u00e1xima seguridad en protecci\u00f3n contra incendios.<\/p>\n<div class=\"botones-triples\"><a class=\"cotizar\" href=\"\/index.php\/mantencion\/#formulario-contacto\">COTIZAR<\/a> <a class=\"llamar\" href=\"tel:800400222\">LLAMAR<\/a> <a class=\"tienda-online\" href=\"\/index.php\/categoria-producto\/accesorios\/\">VISITA NUESTRA TIENDA ONLINE<\/a><\/div>\n<\/div><\/div><\/div><\/div><\/div><\/div><\/div><\/section>\n","protected":false},"excerpt":{"rendered":"Red Seca El Reglamento de Instalaciones Domiciliarias de Agua Potable y Alcantarillado (RIDDA) establece que \u00aben los edificios de cinco o m\u00e1s pisos de altura se deber\u00e1 instalar una red seca para agua independiente de la red de distribuci\u00f3n de agua para el consumo\u00bb. En Wilug ofrecemos todos los insumos y repuestos requeridos para redes...","protected":false},"author":5,"featured_media":0,"parent":0,"menu_order":0,"comment_status":"closed","ping_status":"closed","template":"","meta":{"footnotes":""},"acf":[],"_links":{"self":[{"href":"https:\/\/wilug.cl\/index.php\/wp-json\/wp\/v2\/pages\/10559"}],"collection":[{"href":"https:\/\/wilug.cl\/index.php\/wp-json\/wp\/v2\/pages"}],"about":[{"href":"https:\/\/wilug.cl\/index.php\/wp-json\/wp\/v2\/types\/page"}],"author":[{"embeddable":true,"href":"https:\/\/wilug.cl\/index.php\/wp-json\/wp\/v2\/users\/5"}],"replies":[{"embeddable":true,"href":"https:\/\/wilug.cl\/index.php\/wp-json\/wp\/v2\/comments?post=10559"}],"version-history":[{"count":4,"href":"https:\/\/wilug.cl\/index.php\/wp-json\/wp\/v2\/pages\/10559\/revisions"}],"predecessor-version":[{"id":10566,"href":"https:\/\/wilug.cl\/index.php\/wp-json\/wp\/v2\/pages\/10559\/revisions\/10566"}],"wp:attachment":[{"href":"https:\/\/wilug.cl\/index.php\/wp-json\/wp\/v2\/media?parent=10559"}],"curies":[{"name":"wp","href":"https:\/\/api.w.org\/{rel}","templated":true}]}}