{"id":9603,"date":"2021-12-01T21:41:27","date_gmt":"2021-12-01T21:41:27","guid":{"rendered":"https:\/\/wilug.srtv.cl\/?post_type=product&#038;p=9603"},"modified":"2022-09-02T13:18:45","modified_gmt":"2022-09-02T13:18:45","slug":"kit-de-seguridad-vehiculo-incluye-bolso-extintor-botiquin-juego-de-triangulo","status":"publish","type":"product","link":"https:\/\/wilug.cl\/index.php\/producto\/kit-de-seguridad-vehiculo-incluye-bolso-extintor-botiquin-juego-de-triangulo\/","title":{"rendered":"KIT de Seguridad Veh\u00edculo (Incluye Bolso, Extintor, botiqu\u00edn, juego de tri\u00e1ngulo)"},"content":{"rendered":"<p>El kit de seguridad vehicular cuenta con todo lo necesario para ayudarte durante cualquier emergencia con tu veh\u00edculo. El conjunto incluye un botiqu\u00edn, un juego de tri\u00e1ngulos reflectantes y un extintor con certificaci\u00f3n CESMEC. Adem\u00e1s, cuenta con un bolso dise\u00f1ado para transportar el set de una forma segura y pr\u00e1ctica.<\/p>\n<p><strong>Ficha t\u00e9cnica<\/strong><br \/>\n<strong>Largo:<\/strong> 30 cm<br \/>\n<strong>Tipo extintor:<\/strong> Clase A<br \/>\n<strong>Agente extintor:<\/strong> Polvo seco<\/p>\n","protected":false},"excerpt":{"rendered":"<p>El kit de seguridad vehicular cuenta con todo lo necesario para ayudarte durante cualquier emergencia con tu veh\u00edculo. El conjunto incluye un botiqu\u00edn, un juego de tri\u00e1ngulos reflectantes y un extintor con certificaci\u00f3n CESMEC. Adem\u00e1s, cuenta con un bolso dise\u00f1ado para transportar el set de una forma segura y pr\u00e1ctica.<\/p>\n","protected":false},"featured_media":9633,"template":"","meta":[],"product_cat":[239],"product_tag":[],"acf":[],"_links":{"self":[{"href":"https:\/\/wilug.cl\/index.php\/wp-json\/wp\/v2\/product\/9603"}],"collection":[{"href":"https:\/\/wilug.cl\/index.php\/wp-json\/wp\/v2\/product"}],"about":[{"href":"https:\/\/wilug.cl\/index.php\/wp-json\/wp\/v2\/types\/product"}],"wp:featuredmedia":[{"embeddable":true,"href":"https:\/\/wilug.cl\/index.php\/wp-json\/wp\/v2\/media\/9633"}],"wp:attachment":[{"href":"https:\/\/wilug.cl\/index.php\/wp-json\/wp\/v2\/media?parent=9603"}],"wp:term":[{"taxonomy":"product_cat","embeddable":true,"href":"https:\/\/wilug.cl\/index.php\/wp-json\/wp\/v2\/product_cat?post=9603"},{"taxonomy":"product_tag","embeddable":true,"href":"https:\/\/wilug.cl\/index.php\/wp-json\/wp\/v2\/product_tag?post=9603"}],"curies":[{"name":"wp","href":"https:\/\/api.w.org\/{rel}","templated":true}]}}