{"id":9707,"date":"2021-12-01T21:48:24","date_gmt":"2021-12-01T21:48:24","guid":{"rendered":"https:\/\/wilug.srtv.cl\/?post_type=product&#038;p=9707"},"modified":"2022-09-02T13:28:27","modified_gmt":"2022-09-02T13:28:27","slug":"senaletica-autoadhesiva-red-humeda","status":"publish","type":"product","link":"https:\/\/wilug.cl\/index.php\/producto\/senaletica-autoadhesiva-red-humeda\/","title":{"rendered":"SE\u00d1ALETICA AUTOADHESIVA \u201cRED HUMEDA\u201d"},"content":{"rendered":"<p><strong>Descripci\u00f3n<\/strong><br \/>\nSe utiliza para indicar la ubicaci\u00f3n, de la salida de la red h\u00fameda provista de manguera y pit\u00f3n. Esta se\u00f1al se instalar\u00e1 tantas veces como equipos de red h\u00fameda existan en el edificio. Medidas de 20 cm x 15 cm.<\/p>\n","protected":false},"excerpt":{"rendered":"<p><strong>Descripci\u00f3n<\/strong><br \/>\nSe utiliza para indicar la ubicaci\u00f3n, de la salida de la red h\u00fameda provista de manguera y pit\u00f3n. Esta se\u00f1al se instalar\u00e1 tantas veces como equipos de red h\u00fameda existan en el edificio. Medidas de 20 cm x 15 cm.<\/p>\n","protected":false},"featured_media":9762,"template":"","meta":[],"product_cat":[262],"product_tag":[],"acf":[],"_links":{"self":[{"href":"https:\/\/wilug.cl\/index.php\/wp-json\/wp\/v2\/product\/9707"}],"collection":[{"href":"https:\/\/wilug.cl\/index.php\/wp-json\/wp\/v2\/product"}],"about":[{"href":"https:\/\/wilug.cl\/index.php\/wp-json\/wp\/v2\/types\/product"}],"wp:featuredmedia":[{"embeddable":true,"href":"https:\/\/wilug.cl\/index.php\/wp-json\/wp\/v2\/media\/9762"}],"wp:attachment":[{"href":"https:\/\/wilug.cl\/index.php\/wp-json\/wp\/v2\/media?parent=9707"}],"wp:term":[{"taxonomy":"product_cat","embeddable":true,"href":"https:\/\/wilug.cl\/index.php\/wp-json\/wp\/v2\/product_cat?post=9707"},{"taxonomy":"product_tag","embeddable":true,"href":"https:\/\/wilug.cl\/index.php\/wp-json\/wp\/v2\/product_tag?post=9707"}],"curies":[{"name":"wp","href":"https:\/\/api.w.org\/{rel}","templated":true}]}}