{"id":9711,"date":"2021-12-01T21:48:53","date_gmt":"2021-12-01T21:48:53","guid":{"rendered":"https:\/\/wilug.srtv.cl\/?post_type=product&#038;p=9711"},"modified":"2022-09-02T13:29:16","modified_gmt":"2022-09-02T13:29:16","slug":"senaletica-extintor-fotoluminiscente","status":"publish","type":"product","link":"https:\/\/wilug.cl\/index.php\/producto\/senaletica-extintor-fotoluminiscente\/","title":{"rendered":"SE\u00d1ALETICA \u201cEXTINTOR\u201d FOTOLUMINISCENTE"},"content":{"rendered":"<p><strong>Descripci\u00f3n<\/strong><br \/>\n\u2022 Se\u00f1al\u00e9tica fotoluminiscente reglamentaria para uso en industrias, oficinas, colegios y locales comerciales.<br \/>\n\u2022 Se utiliza para informar ubicaci\u00f3n de equipos de emergencia, equipos contra incendio, zona de riesgo, uso de elementos de<br \/>\nprotecci\u00f3n personal.<br \/>\n\u2022 Las se\u00f1ales fotoluminiscentes son muy \u00fatiles a la hora de evacuar y sobre todo en casos donde la energ\u00eda el\u00e9ctrica est\u00e9 ausente, ya<br \/>\n  que este tipo de se\u00f1alizaciones concentran cierta parte de luz con anterioridad, por lo tanto, estas seguir\u00e1n emitiendo luminosidad<br \/>\n  en un cierto periodo de tiempo.<\/p>\n<p><strong>Especificaciones t\u00e9cnicas<\/strong><br \/>\nAlto:\t 24 cm<br \/>\nAncho:\t 17 cm<br \/>\nEspesor: 0,3 cm<\/p>\n","protected":false},"excerpt":{"rendered":"<p><strong>Descripci\u00f3n<\/strong><br \/>\n\u2022 Se\u00f1al\u00e9tica fotoluminiscente reglamentaria para uso en industrias, oficinas, colegios y locales comerciales.<br \/>\n\u2022 Se utiliza para informar ubicaci\u00f3n de equipos de emergencia, equipos contra incendio, zona de riesgo, uso de elementos de protecci\u00f3n personal.<br \/>\n\u2022 Las se\u00f1ales fotoluminiscentes son muy \u00fatiles a la hora de evacuar y sobre todo en casos donde la energ\u00eda el\u00e9ctrica est\u00e9 ausente,<br \/>\n  ya que este tipo de se\u00f1alizaciones concentran cierta parte de luz con anterioridad, por lo tanto, estas seguir\u00e1n emitiendo<br \/>\n  luminosidad en un cierto periodo de tiempo.<\/p>\n","protected":false},"featured_media":9764,"template":"","meta":[],"product_cat":[263],"product_tag":[],"acf":[],"_links":{"self":[{"href":"https:\/\/wilug.cl\/index.php\/wp-json\/wp\/v2\/product\/9711"}],"collection":[{"href":"https:\/\/wilug.cl\/index.php\/wp-json\/wp\/v2\/product"}],"about":[{"href":"https:\/\/wilug.cl\/index.php\/wp-json\/wp\/v2\/types\/product"}],"wp:featuredmedia":[{"embeddable":true,"href":"https:\/\/wilug.cl\/index.php\/wp-json\/wp\/v2\/media\/9764"}],"wp:attachment":[{"href":"https:\/\/wilug.cl\/index.php\/wp-json\/wp\/v2\/media?parent=9711"}],"wp:term":[{"taxonomy":"product_cat","embeddable":true,"href":"https:\/\/wilug.cl\/index.php\/wp-json\/wp\/v2\/product_cat?post=9711"},{"taxonomy":"product_tag","embeddable":true,"href":"https:\/\/wilug.cl\/index.php\/wp-json\/wp\/v2\/product_tag?post=9711"}],"curies":[{"name":"wp","href":"https:\/\/api.w.org\/{rel}","templated":true}]}}

SEÑALETICA “EXTINTOR” FOTOLUMINISCENTE

<p><strong>Descripción</strong><br />
• Señalética fotoluminiscente reglamentaria para uso en industrias, oficinas, colegios y locales comerciales.<br />
• Se utiliza para informar ubicación de equipos de emergencia, equipos contra incendio, zona de riesgo, uso de elementos de<br />
protección personal.<br />
• Las señales fotoluminiscentes son muy útiles a la hora de evacuar y sobre todo en casos donde la energía eléctrica esté ausente, ya<br />
  que este tipo de señalizaciones concentran cierta parte de luz con anterioridad, por lo tanto, estas seguirán emitiendo luminosidad<br />
  en un cierto periodo de tiempo.</p>
<p><strong>Especificaciones técnicas</strong><br />
Alto:	 24 cm<br />
Ancho:	 17 cm<br />
Espesor: 0,3 cm</p>

<p><strong>Descripción</strong><br />
• Señalética fotoluminiscente reglamentaria para uso en industrias, oficinas, colegios y locales comerciales.<br />
• Se utiliza para informar ubicación de equipos de emergencia, equipos contra incendio, zona de riesgo, uso de elementos de protección personal.<br />
• Las señales fotoluminiscentes son muy útiles a la hora de evacuar y sobre todo en casos donde la energía eléctrica esté ausente,<br />
  ya que este tipo de señalizaciones concentran cierta parte de luz con anterioridad, por lo tanto, estas seguirán emitiendo<br />
  luminosidad en un cierto periodo de tiempo.</p>
